{"id":203,"date":"2014-04-28T08:33:49","date_gmt":"2014-04-28T06:33:49","guid":{"rendered":"http:\/\/2.expozicekryl.cz\/?page_id=203"},"modified":"2014-04-28T08:37:38","modified_gmt":"2014-04-28T06:37:38","slug":"jiri-cerny-24-4-2014","status":"publish","type":"page","link":"https:\/\/expozicekryl.cz\/?page_id=203","title":{"rendered":"Ji\u0159\u00ed \u010cern\u00fd &#8211; Karel Kryl bez m\u00fdt\u016f a legend &#8211; 24.4.2014"},"content":{"rendered":"<p><a title=\"JI\u0158\u00cd \u010cERN\u00dd: Karel Kryl bez m\u00fdt\u016f a legend\" href=\"http:\/\/www.dk-kromeriz.cz\/1266a-jiri-cerny-pravdy-a-myty-karla-kryla\" target=\"_blank\">Karel Kryl bez m\u00fdt\u016f a legend<\/a>, to byl n\u00e1zev po\u0159adu Ji\u0159\u00edho \u010cern\u00e9ho, kter\u00fd se konal ve \u010dtvrtek 24.4.2014 v Loutkov\u00e9ho s\u00e1le <a title=\"D\u016fm Kultury Krom\u011b\u0159\u00ed\u017e\" href=\"http:\/\/www.dk-kromeriz.cz\/\" target=\"_blank\">krom\u011b\u0159\u00ed\u017esk\u00e9ho Domu Kultury<\/a>.<\/p>\nngg_shortcode_0_placeholder\n","protected":false},"excerpt":{"rendered":"<p>Karel Kryl bez m\u00fdt\u016f a legend, to byl n\u00e1zev po\u0159adu Ji\u0159\u00edho \u010cern\u00e9ho, kter\u00fd se konal ve \u010dtvrtek 24.4.2014 v Loutkov\u00e9ho s\u00e1le krom\u011b\u0159\u00ed\u017esk\u00e9ho Domu Kultury.<\/p>\n","protected":false},"author":1,"featured_media":0,"parent":195,"menu_order":0,"comment_status":"open","ping_status":"open","template":"","meta":{"_monsterinsights_skip_tracking":false,"_monsterinsights_sitenote_active":false,"_monsterinsights_sitenote_note":"","_monsterinsights_sitenote_category":0,"ngg_post_thumbnail":0,"footnotes":""},"class_list":["post-203","page","type-page","status-publish","hentry"],"_links":{"self":[{"href":"https:\/\/expozicekryl.cz\/index.php?rest_route=\/wp\/v2\/pages\/203","targetHints":{"allow":["GET"]}}],"collection":[{"href":"https:\/\/expozicekryl.cz\/index.php?rest_route=\/wp\/v2\/pages"}],"about":[{"href":"https:\/\/expozicekryl.cz\/index.php?rest_route=\/wp\/v2\/types\/page"}],"author":[{"embeddable":true,"href":"https:\/\/expozicekryl.cz\/index.php?rest_route=\/wp\/v2\/users\/1"}],"replies":[{"embeddable":true,"href":"https:\/\/expozicekryl.cz\/index.php?rest_route=%2Fwp%2Fv2%2Fcomments&post=203"}],"version-history":[{"count":2,"href":"https:\/\/expozicekryl.cz\/index.php?rest_route=\/wp\/v2\/pages\/203\/revisions"}],"predecessor-version":[{"id":207,"href":"https:\/\/expozicekryl.cz\/index.php?rest_route=\/wp\/v2\/pages\/203\/revisions\/207"}],"up":[{"embeddable":true,"href":"https:\/\/expozicekryl.cz\/index.php?rest_route=\/wp\/v2\/pages\/195"}],"wp:attachment":[{"href":"https:\/\/expozicekryl.cz\/index.php?rest_route=%2Fwp%2Fv2%2Fmedia&parent=203"}],"curies":[{"name":"wp","href":"https:\/\/api.w.org\/{rel}","templated":true}]}}

Jiří Černý &#8211; Karel Kryl bez mýtů a legend &#8211; 24.4.2014

<p><a title="JIŘÍ ČERNÝ: Karel Kryl bez mýtů a legend" href="http://www.dk-kromeriz.cz/1266a-jiri-cerny-pravdy-a-myty-karla-kryla" target="_blank">Karel Kryl bez mýtů a legend</a>, to byl název pořadu Jiřího Černého, který se konal ve čtvrtek 24.4.2014 v Loutkového sále <a title="Dům Kultury Kroměříž" href="http://www.dk-kromeriz.cz/" target="_blank">kroměřížského Domu Kultury</a>.</p>
ngg_shortcode_0_placeholder

<p>Karel Kryl bez mýtů a legend, to byl název pořadu Jiřího Černého, který se konal ve čtvrtek 24.4.2014 v Loutkového sále kroměřížského Domu Kultury.</p>
