{"id":17,"date":"2014-04-07T08:32:30","date_gmt":"2014-04-07T06:32:30","guid":{"rendered":"http:\/\/2.expozicekryl.cz\/?page_id=17"},"modified":"2014-10-08T11:38:37","modified_gmt":"2014-10-08T09:38:37","slug":"karlu-krylovi","status":"publish","type":"page","link":"https:\/\/expozicekryl.cz\/?page_id=17","title":{"rendered":"O Karlu Krylovi"},"content":{"rendered":"<h2 style=\"text-align: justify;\">\u017divot<\/h2>\n<p style=\"text-align: justify;\">Karel Kryl se narodil 12. dubna 1944\u00a0v Krom\u011b\u0159\u00ed\u017ei jako \u00a0druh\u00fd ze t\u0159\u00ed d\u011bt\u00ed do rodiny knihtiska\u0159\u016f.<\/p>\n<p style=\"text-align: justify;\">Rodina vlastnila tisk\u00e1rnu \u00a0Kryl &amp; Scotti \u00a0v Nov\u00e9m Ji\u010d\u00edn\u011b,\u00a0nicm\u00e9n\u011b po z\u00e1boru Sudet v roce 1938\u00a0se p\u0159est\u011bhovala do Krom\u011b\u0159\u00ed\u017ee, kde Kryl\u016fv d\u011bde\u010dek tisk\u00e1rnu obnovil. V roce 1950 byla tisk\u00e1rna zni\u010dena komunisty.<\/p>\n<p style=\"text-align: justify;\">Mlad\u00fd Karel si p\u0159\u00e1l b\u00fdt nejd\u0159\u00edve hrn\u010d\u00ed\u0159em, jako jeho prad\u011bde\u010dek, pozd\u011bji se ale rozhodl zam\u011b\u0159it se na hudbu a poezii. Jeho p\u00edsn\u011b se od roku 1966\u00a0hr\u00e1ly v rozhlase a prvn\u00ed desku vydal p\u016fl\u00a0roku po vp\u00e1du vojsk Var\u0161avsk\u00e9 smlouvy do\u00a0\u010ceskoslovenska. Tituln\u00ed p\u00edse\u0148 tohoto alba\u00a0\u201eBrat\u0159\u00ed\u010dku, zav\u00edrej vr\u00e1tka\u201c byla pozd\u011bji zak\u00e1z\u00e1na\u00a0a stala se symbolem sv\u00e9 doby.<\/p>\n<p style=\"text-align: justify;\">V z\u00e1\u0159\u00ed 1969 Karel Kryl po \u00fa\u010dasti na festivalu v n\u011bmeck\u00e9m Waldecku v N\u011bmecku z\u016fstal a jeho dal\u0161\u00ed desky a\u017e do roku 1989 vych\u00e1zely jen v exilu.\u00a0Spolupracoval s redakc\u00ed Svobodn\u00e9 Evropy,\u00a0psal b\u00e1sn\u011b, p\u00edsn\u011b a knihy.\u00a0V letech 1969 -1989 byl jedn\u00edm z p\u0159edstavitel\u016f \u010deskoslovensk\u00e9ho protikomunistick\u00e9ho\u00a0protestsongu.<\/p>\n<p style=\"text-align: justify;\">Do \u010ceskoslovenska se Karel Kryl vr\u00e1til 30. listopadu 1989 na poh\u0159eb sv\u00e9 matky. Nad\u0161en\u00ed ze ze sametov\u00e9\u00a0revoluce Krylovi vydr\u017eelo jen velmi kr\u00e1tce a za\u010dal kritizovat polistopadov\u00fd\u00a0spole\u010densk\u00fd v\u00fdvoj.<\/p>\n<p style=\"text-align: justify;\">Zem\u0159el velmi n\u00e1hle na srde\u010dn\u00ed p\u0159\u00edhodu 3. b\u0159ezna 1994\u00a0v Mnichov\u011b, ve v\u011bku nedo\u017eit\u00fdch 50 let.\u00a0Pochov\u00e1n je v Praze, na B\u0159evnovsk\u00e9m h\u0159bitov\u011b.<\/p>\n<h2 style=\"text-align: justify;\">Video<\/h2>\n<ul>\n<li><a title=\"P\u0159\u00edb\u011bhy slavn\u00fdch Ob\u010dan Karel Kryl\" href=\"http:\/\/www.ceskatelevize.cz\/ivysilani\/10123383458-pribehy-slavnych\/499223100031002-obcan-karel-kryl\/titulky\" target=\"_blank\">P\u0159\u00edb\u011bhy slavn\u00fdch: Ob\u010dan Karel Kryl<\/a>\u00a0&#8211; p\u0159ehr\u00e1t online\u00a0na iVysilani.cz<\/li>\n<\/ul>\n<h2>Audio<\/h2>\n<ul>\n<li><a title=\"Karel Kryl - koupit hudbu na Bontonlandu\" href=\"http:\/\/www.bontonland.cz\/search\/?s=karel+kryl\" target=\"_blank\" rel=\"nofollow\">Karel Kryl &#8211; CD a DVD na Bontonlandu<\/a><\/li>\n<\/ul>\n<h2>Knihy<\/h2>\n<ul>\n<li><a title=\"http:\/\/www.kosmas.cz\/knihy\/167763\/zeme-lhostejnost\/\" href=\"http:\/\/www.kosmas.cz\/knihy\/167763\/zeme-lhostejnost\/\" target=\"_blank\" rel=\"nofollow\">Zem\u011b lhostejnost<\/a><\/li>\n<\/ul>\n","protected":false},"excerpt":{"rendered":"<p>\u017divot Karel Kryl se narodil 12. dubna 1944\u00a0v Krom\u011b\u0159\u00ed\u017ei jako \u00a0druh\u00fd ze t\u0159\u00ed d\u011bt\u00ed do rodiny knihtiska\u0159\u016f. Rodina vlastnila tisk\u00e1rnu \u00a0Kryl &amp; Scotti \u00a0v Nov\u00e9m Ji\u010d\u00edn\u011b,\u00a0nicm\u00e9n\u011b po z\u00e1boru Sudet v roce 1938\u00a0se p\u0159est\u011bhovala do Krom\u011b\u0159\u00ed\u017ee, kde Kryl\u016fv d\u011bde\u010dek tisk\u00e1rnu obnovil. V roce 1950 byla tisk\u00e1rna zni\u010dena komunisty. Mlad\u00fd Karel si p\u0159\u00e1l b\u00fdt nejd\u0159\u00edve hrn\u010d\u00ed\u0159em, jako &hellip; <a href=\"https:\/\/expozicekryl.cz\/?page_id=17\" class=\"more-link\">Pokra\u010dov\u00e1n\u00ed textu <span class=\"screen-reader-text\">O Karlu Krylovi<\/span> <span class=\"meta-nav\">&rarr;<\/span><\/a><\/p>\n","protected":false},"author":1,"featured_media":283,"parent":0,"menu_order":0,"comment_status":"closed","ping_status":"closed","template":"","meta":{"_monsterinsights_skip_tracking":false,"_monsterinsights_sitenote_active":false,"_monsterinsights_sitenote_note":"","_monsterinsights_sitenote_category":0,"ngg_post_thumbnail":0,"footnotes":""},"class_list":["post-17","page","type-page","status-publish","has-post-thumbnail","hentry"],"_links":{"self":[{"href":"https:\/\/expozicekryl.cz\/index.php?rest_route=\/wp\/v2\/pages\/17","targetHints":{"allow":["GET"]}}],"collection":[{"href":"https:\/\/expozicekryl.cz\/index.php?rest_route=\/wp\/v2\/pages"}],"about":[{"href":"https:\/\/expozicekryl.cz\/index.php?rest_route=\/wp\/v2\/types\/page"}],"author":[{"embeddable":true,"href":"https:\/\/expozicekryl.cz\/index.php?rest_route=\/wp\/v2\/users\/1"}],"replies":[{"embeddable":true,"href":"https:\/\/expozicekryl.cz\/index.php?rest_route=%2Fwp%2Fv2%2Fcomments&post=17"}],"version-history":[{"count":14,"href":"https:\/\/expozicekryl.cz\/index.php?rest_route=\/wp\/v2\/pages\/17\/revisions"}],"predecessor-version":[{"id":487,"href":"https:\/\/expozicekryl.cz\/index.php?rest_route=\/wp\/v2\/pages\/17\/revisions\/487"}],"wp:featuredmedia":[{"embeddable":true,"href":"https:\/\/expozicekryl.cz\/index.php?rest_route=\/wp\/v2\/media\/283"}],"wp:attachment":[{"href":"https:\/\/expozicekryl.cz\/index.php?rest_route=%2Fwp%2Fv2%2Fmedia&parent=17"}],"curies":[{"name":"wp","href":"https:\/\/api.w.org\/{rel}","templated":true}]}}

<h2 style="text-align: justify;">Život</h2>
<p style="text-align: justify;">Karel Kryl se narodil 12. dubna 1944 v Kroměříži jako  druhý ze tří dětí do rodiny knihtiskařů.</p>
<p style="text-align: justify;">Rodina vlastnila tiskárnu  Kryl &amp; Scotti  v Novém Jičíně, nicméně po záboru Sudet v roce 1938 se přestěhovala do Kroměříže, kde Krylův dědeček tiskárnu obnovil. V roce 1950 byla tiskárna zničena komunisty.</p>
<p style="text-align: justify;">Mladý Karel si přál být nejdříve hrnčířem, jako jeho pradědeček, později se ale rozhodl zaměřit se na hudbu a poezii. Jeho písně se od roku 1966 hrály v rozhlase a první desku vydal půl roku po vpádu vojsk Varšavské smlouvy do Československa. Titulní píseň tohoto alba „Bratříčku, zavírej vrátka“ byla později zakázána a stala se symbolem své doby.</p>
<p style="text-align: justify;">V září 1969 Karel Kryl po účasti na festivalu v německém Waldecku v Německu zůstal a jeho další desky až do roku 1989 vycházely jen v exilu. Spolupracoval s redakcí Svobodné Evropy, psal básně, písně a knihy. V letech 1969 -1989 byl jedním z představitelů československého protikomunistického protestsongu.</p>
<p style="text-align: justify;">Do Československa se Karel Kryl vrátil 30. listopadu 1989 na pohřeb své matky. Nadšení ze ze sametové revoluce Krylovi vydrželo jen velmi krátce a začal kritizovat polistopadový společenský vývoj.</p>
<p style="text-align: justify;">Zemřel velmi náhle na srdeční příhodu 3. března 1994 v Mnichově, ve věku nedožitých 50 let. Pochován je v Praze, na Břevnovském hřbitově.</p>
<h2 style="text-align: justify;">Video</h2>
<ul>
<li><a title="Příběhy slavných Občan Karel Kryl" href="http://www.ceskatelevize.cz/ivysilani/10123383458-pribehy-slavnych/499223100031002-obcan-karel-kryl/titulky" target="_blank">Příběhy slavných: Občan Karel Kryl</a> &#8211; přehrát online na iVysilani.cz</li>
</ul>
<h2>Audio</h2>
<ul>
<li><a title="Karel Kryl - koupit hudbu na Bontonlandu" href="http://www.bontonland.cz/search/?s=karel+kryl" target="_blank" rel="nofollow">Karel Kryl &#8211; CD a DVD na Bontonlandu</a></li>
</ul>
<h2>Knihy</h2>
<ul>
<li><a title="http://www.kosmas.cz/knihy/167763/zeme-lhostejnost/" href="http://www.kosmas.cz/knihy/167763/zeme-lhostejnost/" target="_blank" rel="nofollow">Země lhostejnost</a></li>
</ul>

<p>Život Karel Kryl se narodil 12. dubna 1944 v Kroměříži jako  druhý ze tří dětí do rodiny knihtiskařů. Rodina vlastnila tiskárnu  Kryl &amp; Scotti  v Novém Jičíně, nicméně po záboru Sudet v roce 1938 se přestěhovala do Kroměříže, kde Krylův dědeček tiskárnu obnovil. V roce 1950 byla tiskárna zničena komunisty. Mladý Karel si přál být nejdříve hrnčířem, jako &hellip; <a href="https://expozicekryl.cz/?page_id=17" class="more-link">Pokračování textu <span class="screen-reader-text">O Karlu Krylovi</span> <span class="meta-nav">&rarr;</span></a></p>
